{"id":1425,"date":"2022-10-14T01:02:36","date_gmt":"2022-10-13T23:02:36","guid":{"rendered":"https:\/\/pellenzer-open-air-festival.de\/?page_id=1425"},"modified":"2022-10-14T01:02:36","modified_gmt":"2022-10-13T23:02:36","slug":"programm","status":"publish","type":"page","link":"https:\/\/test.kending.de\/?page_id=1425","title":{"rendered":"Programm"},"content":{"rendered":"\n<h6>\n\t\tSpielzeiten k\u00f6nnen sich jederzeit noch \u00e4ndern, so lange nicht das gesamte Programm online ist. W\u00e4hrend der laufenden Veranstaltungen kann es zu leichten Verz\u00f6gerungen kommen.\n\t<\/h6>\n                    <a href=\"http:\/\/www.pegasus-plaidt.de\" target=\"_blank\" rel=\"nofollow noopener\">\n\t\t\t\t\t\t\t<img decoding=\"async\" src=\"https:\/\/pellenzer-open-air-festival.de\/wp-content\/uploads\/2022\/05\/Pegasus.png\" alt=\"Pegasus\" data-no-lazy=\"1\" \/>\n                            \n                                Pegasus                            \n                            <\/a>\n                    <a href=\"https:\/\/kultursommer.de\/\" target=\"_blank\" rel=\"nofollow noopener\">\n\t\t\t\t\t\t\t<img decoding=\"async\" src=\"https:\/\/pellenzer-open-air-festival.de\/wp-content\/uploads\/2022\/05\/kuso.png\" alt=\"Kuso\" data-no-lazy=\"1\" \/>\n                            \n                                Kuso                            \n                            <\/a>\n                    <a href=\"https:\/\/kulturbuero-rlp.de\/\" target=\"_blank\" rel=\"nofollow noopener\">\n\t\t\t\t\t\t\t<img decoding=\"async\" src=\"https:\/\/pellenzer-open-air-festival.de\/wp-content\/uploads\/2022\/05\/kulturbuerorlp.png\" alt=\"Kulturb\u00fcro RLP\" data-no-lazy=\"1\" \/>\n                            \n                                Kulturb\u00fcro RLP                            \n                            <\/a>\n                    <a href=\"https:\/\/lag-sozkul.de\/\" target=\"_blank\" rel=\"nofollow noopener\">\n\t\t\t\t\t\t\t<img decoding=\"async\" src=\"https:\/\/pellenzer-open-air-festival.de\/wp-content\/uploads\/2022\/05\/lag.png\" alt=\"LAG\" data-no-lazy=\"1\" \/>\n                            \n                                LAG                            \n                            <\/a>\n                    <a href=\"https:\/\/www.ticket-regional.de\/\" target=\"_blank\" rel=\"nofollow noopener\">\n\t\t\t\t\t\t\t<img decoding=\"async\" src=\"https:\/\/pellenzer-open-air-festival.de\/wp-content\/uploads\/2022\/05\/ticket-regional.png\" alt=\"Ticket Regional\" data-no-lazy=\"1\" \/>\n                            \n                                Ticket Regional                            \n                            <\/a>\n                    <a href=\"https:\/\/www.bitburger.de\/\" target=\"_blank\" rel=\"nofollow noopener\">\n\t\t\t\t\t\t\t<img decoding=\"async\" src=\"https:\/\/pellenzer-open-air-festival.de\/wp-content\/uploads\/2022\/05\/bit-2.png\" alt=\"Bitburger\" data-no-lazy=\"1\" \/>\n                            \n                                Bitburger                            \n                            <\/a>\n                    <a href=\"https:\/\/afri.de\/\" target=\"_blank\" rel=\"nofollow noopener\">\n\t\t\t\t\t\t\t<img decoding=\"async\" src=\"https:\/\/pellenzer-open-air-festival.de\/wp-content\/uploads\/2022\/05\/afri-1.png\" alt=\"Afri\" data-no-lazy=\"1\" \/>\n                            \n                                Afri                            \n                            <\/a>\n                    <a href=\"https:\/\/www.rhodius.de\/\" target=\"_blank\" rel=\"nofollow noopener\">\n\t\t\t\t\t\t\t<img decoding=\"async\" src=\"https:\/\/pellenzer-open-air-festival.de\/wp-content\/uploads\/2022\/05\/rhodius.png\" alt=\"Rhodius\" data-no-lazy=\"1\" \/>\n                            \n                                Rhodius                            \n                            <\/a>\n                    <a href=\"https:\/\/www.getraenke-klein.info\/\" target=\"_blank\" rel=\"nofollow noopener\">\n\t\t\t\t\t\t\t<img decoding=\"async\" src=\"https:\/\/pellenzer-open-air-festival.de\/wp-content\/uploads\/2022\/05\/klein-1.png\" alt=\"Klein\" data-no-lazy=\"1\" \/>\n                            \n                                Klein                            \n                            <\/a>\n                    <a href=\"https:\/\/www.kmevent.de\/\" target=\"_blank\" rel=\"nofollow noopener\">\n\t\t\t\t\t\t\t<img decoding=\"async\" src=\"https:\/\/pellenzer-open-air-festival.de\/wp-content\/uploads\/2022\/05\/km.png\" alt=\"KM\" data-no-lazy=\"1\" \/>\n                            \n                                KM                            \n                            <\/a>\n                    <a href=\"http:\/\/secthor5.de\/\" target=\"_blank\" rel=\"nofollow noopener\">\n\t\t\t\t\t\t\t<img decoding=\"async\" src=\"https:\/\/pellenzer-open-air-festival.de\/wp-content\/uploads\/2022\/05\/secthor.png\" alt=\"Secthor5\" data-no-lazy=\"1\" \/>\n                            \n                                Secthor5                            \n                            <\/a>\n                    <a href=\"https:\/\/thekending.de\/\" target=\"_blank\" rel=\"nofollow noopener\">\n\t\t\t\t\t\t\t<img decoding=\"async\" src=\"https:\/\/pellenzer-open-air-festival.de\/wp-content\/uploads\/2022\/05\/kending.png\" alt=\"Kending\" data-no-lazy=\"1\" \/>\n                            \n                                Kending                            \n                            <\/a>\n\t<p><strong>Rechtliches<\/strong><\/p>\n<a href=\"https:\/\/pellenzer-open-air-festival.de\/impressum\/\">Impressum<\/a><br \/>\n<a href=\"https:\/\/pellenzer-open-air-festival.de\/datenschutzerklaerung\/\">Datenschutz<\/a>\n\t<p><strong>Kontakt<\/strong><\/p>\n<a href=\"https:\/\/pellenzer-open-air-festival.de\/kontakt\/\">Bewerbung &amp; Unterst\u00fctzung<\/a><br \/>\n<a href=\"https:\/\/pellenzer-open-air-festival.de\/jobs\/\">Jobs<\/a>\n\t<p><strong>Presse und Mitarbeiter<\/strong><\/p>\n<a href=\"https:\/\/pellenzer-open-air-festival.de\/presse\/\">Logos, Fotos &amp; Texte<\/a><br \/>\n<a href=\"https:\/\/intern.pellenzer-open-air-festival.de\/\" target=\"_blank\" rel=\"noopener\">Interner Bereich<\/a>\n\t<a href=\"http:\/\/www.pegasus-plaidt.de\" target=\"_blank\" rel=\"noopener\">Das Pellenzer Open Air Festival ist eine Veranstaltung des<br \/>\nPegasus e.V., Verein f\u00fcr Kunst, Kultur und Jugend<\/a>\n\u00c4nderungen, Irrt\u00fcmer und alle Rechte vorbehalten.<br \/>\nSpielzeiten k\u00f6nnen sich kurzfristig noch \u00e4ndern.\n\n","protected":false},"excerpt":{"rendered":"","protected":false},"author":1,"featured_media":0,"parent":0,"menu_order":0,"comment_status":"closed","ping_status":"closed","template":"tpl-no-header-footer.php","meta":{"footnotes":""},"class_list":["post-1425","page","type-page","status-publish","hentry"],"_links":{"self":[{"href":"https:\/\/test.kending.de\/index.php?rest_route=\/wp\/v2\/pages\/1425","targetHints":{"allow":["GET"]}}],"collection":[{"href":"https:\/\/test.kending.de\/index.php?rest_route=\/wp\/v2\/pages"}],"about":[{"href":"https:\/\/test.kending.de\/index.php?rest_route=\/wp\/v2\/types\/page"}],"author":[{"embeddable":true,"href":"https:\/\/test.kending.de\/index.php?rest_route=\/wp\/v2\/users\/1"}],"replies":[{"embeddable":true,"href":"https:\/\/test.kending.de\/index.php?rest_route=%2Fwp%2Fv2%2Fcomments&post=1425"}],"version-history":[{"count":0,"href":"https:\/\/test.kending.de\/index.php?rest_route=\/wp\/v2\/pages\/1425\/revisions"}],"wp:attachment":[{"href":"https:\/\/test.kending.de\/index.php?rest_route=%2Fwp%2Fv2%2Fmedia&parent=1425"}],"curies":[{"name":"wp","href":"https:\/\/api.w.org\/{rel}","templated":true}]}}